 3*b - 2. Calculate v(p).
8
Let a be (-44)/(-8 + 12) + 7. Let p(o) = 1 + 4 - o - 4. Calculate p(a).
5
Let g be (-2)/13 + (-114)/(-234). Let o(v) be the first derivative of 2 + 2*v**2 + g*v**3 + 0*v. Give o(-5).
5
Let g be 1*(7 - (7 - 3)). Let t(c) = 4*c**g + 15*c**3 + 9*c**3 - 10*c**3. Calculate t(1).
18
Let d(q) = q**3 - 13*q**2 + 8. Suppose 7*w - 21 = 6*w - 2*s, -4*w + 56 = s. Give d(w).
8
Let q be (3/(-3) - -4) + 3. Let l(n) = -7*n**3 + 4 + 0*n**3 - 3 - 2*n + q*n**3 - 4*n**2. Let w = -39 + 35. Give l(w).
9
Let g(y) = y**2 + 12*y - 19. Suppose -5*l - 79 = -9. Determine g(l).
9
Let a(p) = -p**3 + 2*p**2 - 1. Let g be a(-1). Suppose 3 = -g*i - 9. Let u(j) = j**3 + 5*j**2 - 3*j + 2. What is u(i)?
-16
Let o(k) = 5*k + 2. Let t be 12/4 - (-2)/(-2). Suppose -8 = -t*a + 6*a. What is o(a)?
-8
Let m = -1317 + 1321. Let i(n) be the first derivative of -n**3/3 + 2*n**2 - 5*n + 1. Give i(m).
-5
Let j(t) be the second derivative of t**4/12 - 5*t**3/6 + t**2 - 9*t + 5. Determine j(4).
-2
Suppose -n + 10 = n + 4*s, 0 = -3*n + 2*s + 23. Let w(z) = n + 3 - 3 - 4 - z + z**2. Determine w(0).
3
Let z(u) = -u**3 + 4*u**2 + 1. Let p(i) = 10*i**2 + 89*i - 5. Let l be p(-9). Give z(l).
1
Suppose 3 + 17 = -5*b. Let o = b - -3. Let d be (1/o - 0) + -1. Let w(y) = y. Give w(d).
-2
Let a(n) = 16*n + 2 - n**3 - 18 + 12 - 15*n**2 + 11. Determine a(-16).
7
Let b(z) = z**2 - 12*z - 8. Let x(f) = -4*f - 4. Let m(i) = 2*b(i) - 5*x(i). Determine m(4).
20
Let k(m) = 3 - 4*m + 5*m**2 + 34381*m**3 - 68753*m**3 + 34371*m**3. Let c(i) = i + 10. Let d be c(-6). What is k(d)?
3
Let l(i) = 13*i - 11. Let b(g) = -15*g + 12. Let t(c) = -4*b(c) - 5*l(c). Calculate t(-4).
27
Suppose -2 - 18 = -10*x. Let i(f) = -7 + 2 + 1 + 0 + f. What is i(x)?
-2
Let z(d) = -d**3 + 7*d**2 + 5. Let h = -2559 + 2566. What is z(h)?
5
Let a = 4 + 2. Let g be (0 - 6) + 2*1. Let k(v) = -v**2 + 6*v + 3. Let l(u) = -u**2 + 6*u + 3. Let w(m) = g*k(m) + 5*l(m). What is w(a)?
3
Let r(k) = -13*k**3 + 31*k**2 - 5*k - 21. Let x(m) = -4 - 1 - 3*m**3 - 262*m**2 - m + 270*m**2. Let n(j) = 2*r(j) - 9*x(j). Calculate n(10).
-7
Let x(y) = -1 - 2*y**2 + 8*y**3 + 25*y - 2*y - 21*y. What is x(1)?
7
Let i(q) be the second derivative of -q**3 - q**2/2 - 4*q - 2. Let s(f) = -8*f + 47. Let d be s(6). Calculate i(d).
5
Let v(b) = 2*b**3 - 4*b**2 - 2*b + 4. Suppose -2 + 18 = 4*w. Let f(r) = -r**2 + 15*r - 4. Let a be f(14). Suppose -a = -w*q + 2. What is v(q)?
16
Let f be ((-1)/2)/(6/(-12)). Let s(i) = i. Determine s(f).
1
Let y(s) = -s - 1. Let b(r) = -2*r - 1. Let o(p) = 3*b(p) - 7*y(p). Calculate o(-3).
1
Let g(b) = b - 6. Let x be 2 + 3*(-32)/(-12). Suppose x*r - 125 = 5*r. Suppose -5*k = 3*n - 9, -k = 3*n - r + 4. Determine g(n).
2
Let u(x) = -2*x**3 - x**2 - 13. Let t(s) = -s**3 - 1. Let w(p) = 3*t(p) - u(p). Let b = -10 - -29. Let y = b + -19. Give w(y).
10
Let p(o) = 3*o**2 - 10*o - 5*o**2 + 0*o**2 + 8*o - 2*o**2 + 2. Give p(-2).
-10
Let u(i) = i**2 + i + 4. Let k be u(0). Suppose -13 = -5*m + 4*a, a - 3 = k*m - 9*m. Let h(x) = -15*x - 1. Determine h(m).
-16
Let w(g) = -g**2 + 5*g - 3. Let h be (10/6)/((-287)/(-42) + -6). Determine w(h).
3
Let k be 12 - -2 - (-4 - -6). Let o be ((-4)/3)/((-8)/k). Let n(c) = c**o - 7*c + 3*c**2 - 3*c**2 + 6 + 0. Determine n(6).
0
Let f = -57 - -42. Let g be f + 11 + 5/1. Let u(z) = -4*z**3 + 2*z**2 - 2*z + 1. What is u(g)?
-3
Let r(c) = -2*c - 4 - 62296*c**2 + 62312*c**2 + 2 + c**3. Determine r(-16).
30
Let o(t) = 2*t**2 - t - 1 + 1. Suppose -34*w - 20*w = -54. What is o(w)?
1
Let i(z) be the first derivative of 13*z**2/2 - z + 123. What is i(3)?
38
Suppose d - 6*d = 0. Let l(u) = 3*u - 2*u + 0*u + d*u. Determine l(-3).
-3
Let g(v) be the second derivative of v**5/20 - v**4/4 - 5*v**3/6 + 3*v**2 - 2*v + 94. Calculate g(4).
2
Suppose 0 = 6*x - 168 + 186. Let j be 6 - ((2 - -2) + -3). Let i(v) = -4 + v + j + 6. Determine i(x).
4
Let o = -5 - -7. Let j(u) = -o*u + u**2 - u**3 + 3*u**2 - u. Let l(a) = -a**3 + 15*a**2 - 36*a + 4. Let y be l(12). Determine j(y).
-12
Suppose 10 - 18 = -4*m. Let x(o) = -3*o**2 + 0*o**2 + 4*o**m - 37*o**3 + 36*o**3 + 3*o - 2. Determine x(2).
0
Let q(d) = 25*d**2 - 21*d + 8. Let f(v) = -11*v**2 + 10*v - 4. Let a(l) = -9*f(l) - 4*q(l). Determine a(-5).
9
Let f(b) = -b**2 + 6*b**2 + b**3 - 2*b**3 + 3 + 4*b - 2 + 3. Give f(6).
-8
Let j(r) = 8*r**3 - r**2 + 1. Let z(i) = -i**3 - 15*i**2 + 1. Let x be z(-15). Suppose 0 = -3*b + x + 2. Give j(b).
8
Suppose -5*f - 12 = -3*f. Let q(l) be the first derivative of l**3/6 + 9*l**2/2 + 12*l + 1. Let u(o) be the first derivative of q(o). Calculate u(f).
3
Let h(d) = -4*d**3 + 1. Let l = -90 - -89. Give h(l).
5
Suppose 4*u - 20 = -4*v, 48*v - 53*v - 15 = u. Let f(k) = -k**2 + 6*k + 17. What is f(u)?
-23
Suppose 27 = 5*p + 12. Let o(a) = -p*a - 3*a**2 - 8*a**3 + 2*a + 7*a**3 + 1. Determine o(-2).
-1
Let l be (-2)/(-12) + 290/60. Suppose k + 2*k - 15 = 4*f, -5*f + k - l = 0. Let p(t) = -5*t**3 + 0*t**3 + 4*t**3 + f*t**3 - t + 3*t**2. Give p(3).
-3
Let y(b) = -3*b. Let r = 289 - 280. Calculate y(r).
-27
Let g(k) = k**3 + k**2 - 1. Suppose 2*j + 5*r = -3*j + 40, 8 = 4*j - 4*r. Suppose 3*x - j = 3*p + x, 2*p - 4*x = -6. Give g(p).
-1
Let j(m) = 9*m + m**3 + 604 + 11*m - 12*m**2 - 601. What is j(10)?
3
Let l(i) be the first derivative of -3 + 1/3*i**3 + 7/2*i**2 + 7*i. Determine l(-5).
-3
Let i(t) = -t**3 - 6*t**2 + 5*t + 6. Let r(l) = 13*l**2 - 8 - 17*l + 2*l**3 + 7*l - 5. Let p(m) = -7*i(m) - 3*r(m). Suppose -144*x + 165*x = -63. Give p(x).
12
Let b be (-5)/((-10)/8) - 1. Let t be (-5 + 6)*5*1. Suppose -b*u + 14 = t. Let s(z) = z**3 - 2*z**2 - z - 4. What is s(u)?
2
Let s(d) = -d**2 - 6*d - 1. Suppose 408 = 5*p - 2*y, p + 4*y - 85 = y. Suppose -p + 88 = -v. Calculate s(v).
-1
Let r be (10 - 5) + -4 + -3. Let h(p) = p**3 - 3*p**2 - 3*p. Calculate h(r).
-14
Let j(u) = -u - 1. Let x(f) = f. Let y(t) = 6*j(t) + 5*x(t). Suppose 9*w = 3*n + 4*w - 2, -w = 2*n + 3. Let r be n/(-2 + (-13)/(-6)). Calculate y(r).
0
Let o(r) = r**2 - 9*r + 10. Let z(k) = -k**3 + 17*k**2 - 29*k - 6. Let n be z(15). Calculate o(n).
10
Let b(k) = 3*k**2 - k - 2. Let d be b(2). Let x be (-43)/129 + d/(-3). Let j(m) be the first derivative of -m**2 + m - 1. Calculate j(x).
7
Let v(w) = -2*w**2 - 6*w - 1. Let x be (-3)/6*(-4)/3*-6. Determine v(x).
-9
Suppose 3*y = 4*w - 193, y + 2*w + 104 - 33 = 0. Let f = y + 64. Let h(p) = -p**2 - p + 1. Calculate h(f).
-5
Let b = 17 - 15. Let x(v) = -1 - b + 4*v - 5*v. Let a(d) = -d**2 + 4*d + 8. Let g be a(6). What is x(g)?
1
Let o = -149 - -157. Let j(c) = -c**2 + 7*c + 5. Determine j(o).
-3
Let z(j) be the third derivative of -j**6/60 + j**5/20 + j**4/12 + j**3/6 - 2*j**2 + 164*j. What is z(-2)?
25
Let q(z) = -31*z + 4*z - 1 + 11*z + z**2 + 8 + 11*z. Determine q(5).
7
Suppose 3*q + 45 = 4*y, 5*y + 2*q + 39 = 101. Suppose 19*j - y = 22*j. Let k(c) be the third derivative of c**4/24 + 3*c**3/2 + 8*c**2. What is k(j)?
5
Let w(r) = -9*r + 0 + 4 + 10*r**2 - 13*r**3 + 5*r**3 + 7*r**3. Let p be w(9). Let v(i) = i**3 - 5*i**2 + 2*i + 3. Calculate v(p).
-5
Suppose 62*d = 64*d - 6. Let i(b) = -b**2 + 4*b + 4. Calculate i(d).
7
Let y(k) = k**2 - 2. Let p be y(-2). Suppose 4 + 3 = r. Let z(a) = r*a + 0*a - 2*a - 3. Give z(p).
7
Suppose g - 8 = -2*k, -g = -4*k - 0*g + 22. Let n(h) = -2 - 2 + 4*h + k. Determine n(-3).
-11
Let z(a) = -a + 3. Let o(v) = -2*v + 6. Let d(c) = 3*o(c) - 5*z(c). Let p = 20 - -10. Suppose -p = 3*k - 8*k. Give d(k).
-3
Let q(y) = -y - 10. Let x(n) = -5*n**2 + 17*n - 1. Let a be x(4). What is q(a)?
3
Let t(d) be the second derivative of 5*d**4/4 + 3*d**2/2 - 11*d. Let l(o) = 75*o**2 + 16. Let i(y) = 2*l(y) - 11*t(y). Let k = 3 - 4. Give i(k).
-16
Let x(q) be the third derivative of -q**7/2520 - q**6/120 - q**5/3 + 4*q**2. Let s(h) be the third derivative of x(h). Give s(-7).
8
Let v = -707 + 709. Let p(j) = -8*j - 1. Calculate p(v).
-17
Let c(t) = 94 - 5*t + t + t - 52 - 44 + t**2. Determine c(-3).
16
Let y(v) be the second derivative of -v**5/60 + v**4/4 - v**3 + 3*v**2 - 11*v. Let f(q) be the first derivative of y(q). Give f(5).
-1
Let p(i) = -i**3 - 4*i**2 - i - 1. Suppose 8 = -2*j - 2*s, 4*s + 23 = j + 2*j. Suppose 2 + j = 3*y. Suppose 0 = -h - y - 2. What is p(h)?
-7
Suppose -v - 60 = 3*v. Let l = -15 - v. Let g(